{"id":178,"date":"2013-07-16T10:42:36","date_gmt":"2013-07-16T10:42:36","guid":{"rendered":"https:\/\/tiasuca.com\/?page_id=178"},"modified":"2024-03-24T13:07:39","modified_gmt":"2024-03-24T13:07:39","slug":"clases-de-espanol-a-extranjeros","status":"publish","type":"page","link":"https:\/\/tiasuca.com\/?page_id=178","title":{"rendered":"Cursos espa\u00f1ol extranjeros en Badajoz (Spanish courses)"},"content":{"rendered":"<p style=\"text-align: justify;\">En nuestra escuela <strong><span style=\"color: #008000;\"><em>tiasuca<\/em><\/span><\/strong> en Badajoz,\u00a0tenemos a su disposici\u00f3n cursos de espa\u00f1ol para extranjeros. De todos es sabido que el espa\u00f1ol es el\u00a0segundo idioma m\u00e1s hablado del mundo como lengua materna\u00a0y su posicionamiento a nivel mundial\u00a0es cada vez mayor.\u00a0Sin embargo,\u00a0todav\u00eda no est\u00e1 todo lo valorado que deber\u00eda, quiz\u00e1 los propios espa\u00f1oles no lo\u00a0estimamos lo suficiente.\u00a0Nosotros\u00a0lo tenemos\u00a0claro, dominando\u00a0los idiomas ingl\u00e9s y\u00a0espa\u00f1ol, se abren innumerables puertas.<\/p>\n<p>En nuestras cursos de espa\u00f1ol a extranjeros, el alumno podr\u00e1 elegir entre varios cursos:<\/p>\n<ul>\n<li><strong>Cursos trimestrales.<\/strong><\/li>\n<li><strong>Cursos intensivos.<a href=\"https:\/\/tiasuca.com\/?attachment_id=599\" rel=\"attachment wp-att-599\"><img loading=\"lazy\" class=\"alignright wp-image-599\" src=\"https:\/\/tiasuca.com\/wp-content\/uploads\/2017\/03\/images-1.jpg\" alt=\"images\" width=\"140\" height=\"151\" \/><\/a><\/strong><\/li>\n<li><strong>Cursos individuales.<\/strong><\/li>\n<li><strong>Clases apoyo ex\u00e1menes oficiales.<\/strong><\/li>\n<li><strong>Clases para j\u00f3venes estudiantes.<\/strong><\/li>\n<li><strong>Clases a estudiantes Erasmus.<\/strong><\/li>\n<li><strong>Clases de espa\u00f1ol a desempleados.<\/strong><\/li>\n<\/ul>\n<p style=\"text-align: justify;\">El m\u00e9todo a seguir es el mismo que el empleado para la clases\u00a0de ingl\u00e9s.\u00a0Intentamos que la persona se sienta c\u00f3moda y pueda\u00a0practicar espa\u00f1ol desde el primer d\u00eda.<\/p>\n<p style=\"text-align: justify;\">Adem\u00e1s, en nuestra escuela podr\u00e1s aprovechar la ventaja de tener un <strong>maestro<\/strong>&#8211;<strong>profesor titulado biling\u00fce ingl\u00e9s-espa\u00f1ol en Badajoz<\/strong>. De esta manera, el alumno tendr\u00e1 una experiencia de primera mano de una persona que ha pasado por lo mismo que \u00e9l, que entienda d\u00f3nde est\u00e1 y qu\u00e9 errores puede cometer.<\/p>\n<p style=\"text-align: justify;\">Podemos estudiar la posibilidad de <strong>desplazarnos a su domicilio o centro de trabajo (home teaching)<\/strong> para impartir los cursos (grupo e individual) y facilitar su aprendizaje.<\/p>\n<p style=\"text-align: justify;\"><em>Our <strong>Spanish courses for foreigners<\/strong> are designed to develop students\u2019 communicative skills, and their ability to make use of the Spanish language confident and fluently.<\/em><\/p>\n<p style=\"text-align: justify;\"><em>Our methodology follows the communicative approach, and we count on carrying it out with specialized native high qualified Spanish teachers.<\/em><\/p>\n<p><strong>Horarios Ma\u00f1ana \/ Mornings<\/strong><\/p>\n<ul>\n<li>de lunes a viernes de\u00a09 a 2.<\/li>\n<li>Monday to Friday from\u00a09 a.m. to\u00a02 p.m.<\/li>\n<\/ul>\n<p><strong>Horarios Tarde \/ <strong>Afternoons-Evenings<\/strong><\/strong><\/p>\n<ul>\n<li>de lunes a viernes de 4 a 8.<\/li>\n<li>Monday to Friday\u00a0from 4 p.m. to 8 p.m.<\/li>\n<\/ul>\n<p>Contact us<\/p>\n<p>Calle Zurbar\u00e1n n\u00ba5-1\u00ba D de Badajoz \u2013 C\u00f3digo Postal 06002. \u00a0Telf: 678 475 184<\/p>\n<p>5 ,\u00a0Zurbar\u00e1n Street,\u00a01st Floor, Badajoz \u2013\u00a0post code\u00a006002.\u00a0\u00a0telephone: 678 475 184<\/p>\n<p>Correo Electr\u00f3nico:\u00a0<a href=\"mailto:chico@tiasuca.com\">chico@tiasuca.com<\/a>\u00a0 \u00a0\u00a0<a href=\"mailto:info@tiasuca.com\">info@tiasuca.com<\/a><\/p>\n<p>&nbsp;<\/p>\n<p>&nbsp;<\/p>\n<p>&nbsp;<\/p>\n<p>&nbsp;<\/p>\n<p>&nbsp;<\/p>\n","protected":false},"excerpt":{"rendered":"<p>En nuestra escuela tiasuca en Badajoz,\u00a0tenemos a su disposici\u00f3n cursos de espa\u00f1ol para extranjeros. De todos es sabido que el espa\u00f1ol es el\u00a0segundo idioma m\u00e1s hablado del mundo como lengua materna\u00a0y su posicionamiento a nivel mundial\u00a0es cada vez mayor.\u00a0Sin embargo,\u00a0todav\u00eda no est\u00e1 todo lo valorado que deber\u00eda, quiz\u00e1 los propios espa\u00f1oles no lo\u00a0estimamos lo suficiente.\u00a0Nosotros\u00a0lo [&#8230;]<\/p>\n","protected":false},"author":1,"featured_media":0,"parent":0,"menu_order":3,"comment_status":"closed","ping_status":"closed","template":"","meta":[],"_links":{"self":[{"href":"https:\/\/tiasuca.com\/index.php?rest_route=\/wp\/v2\/pages\/178"}],"collection":[{"href":"https:\/\/tiasuca.com\/index.php?rest_route=\/wp\/v2\/pages"}],"about":[{"href":"https:\/\/tiasuca.com\/index.php?rest_route=\/wp\/v2\/types\/page"}],"author":[{"embeddable":true,"href":"https:\/\/tiasuca.com\/index.php?rest_route=\/wp\/v2\/users\/1"}],"replies":[{"embeddable":true,"href":"https:\/\/tiasuca.com\/index.php?rest_route=%2Fwp%2Fv2%2Fcomments&post=178"}],"version-history":[{"count":61,"href":"https:\/\/tiasuca.com\/index.php?rest_route=\/wp\/v2\/pages\/178\/revisions"}],"predecessor-version":[{"id":1030,"href":"https:\/\/tiasuca.com\/index.php?rest_route=\/wp\/v2\/pages\/178\/revisions\/1030"}],"wp:attachment":[{"href":"https:\/\/tiasuca.com\/index.php?rest_route=%2Fwp%2Fv2%2Fmedia&parent=178"}],"curies":[{"name":"wp","href":"https:\/\/api.w.org\/{rel}","templated":true}]}}